factors of 1651031.
821, 2011
List the prime factors of 8985.
3, 5, 599
List the prime factors of 5116.
2, 1279
List the prime factors of 8764776.
2, 3, 19, 43, 149
What are the prime factors of 6257668?
2, 1564417
What are the prime factors of 168110?
2, 5, 16811
List the prime factors of 14346049.
14346049
List the prime factors of 1560622.
2, 7, 19, 5867
What are the prime factors of 6468816?
2, 3, 19, 41, 173
What are the prime factors of 212001?
3, 70667
List the prime factors of 4932886.
2, 7, 352349
List the prime factors of 2325731.
643, 3617
List the prime factors of 2562776.
2, 563, 569
What are the prime factors of 4541342?
2, 13, 19, 29, 317
List the prime factors of 1783872.
2, 3, 19, 163
List the prime factors of 7503555.
3, 5, 500237
What are the prime factors of 7677738?
2, 3, 426541
List the prime factors of 1069255.
5, 11, 19441
What are the prime factors of 900194?
2, 659, 683
List the prime factors of 148637.
19, 7823
What are the prime factors of 15079859?
383, 39373
List the prime factors of 599394.
2, 3, 283, 353
What are the prime factors of 405178?
2, 17, 701
List the prime factors of 200610.
2, 3, 5, 743
List the prime factors of 255654.
2, 3, 7, 2029
List the prime factors of 14353044.
2, 3, 1196087
List the prime factors of 1279431.
3, 142159
What are the prime factors of 19570825?
5, 17, 46049
What are the prime factors of 8557278?
2, 3, 1426213
List the prime factors of 3488687.
3488687
List the prime factors of 273641.
273641
List the prime factors of 504438.
2, 3, 11, 7643
List the prime factors of 116378.
2, 58189
What are the prime factors of 14613193?
7, 47, 44417
What are the prime factors of 1823762?
2, 23, 41, 967
What are the prime factors of 2101076?
2, 317, 1657
What are the prime factors of 9199514?
2, 4599757
What are the prime factors of 5153024?
2, 20129
What are the prime factors of 201683?
201683
List the prime factors of 9302904.
2, 3, 13, 3313
List the prime factors of 1409009.
7, 201287
What are the prime factors of 8729893?
61, 143113
List the prime factors of 799145.
5, 277, 577
List the prime factors of 980813.
67, 14639
What are the prime factors of 1779303?
3, 23, 107, 241
List the prime factors of 14523192.
2, 3, 71, 947
What are the prime factors of 20172097?
11, 79, 139, 167
List the prime factors of 866722.
2, 433361
What are the prime factors of 528300?
2, 3, 5, 587
List the prime factors of 10239351.
3, 109, 173, 181
List the prime factors of 253192.
2, 31649
List the prime factors of 7860349.
7, 83, 163
What are the prime factors of 65607?
3, 19, 1151
List the prime factors of 89689.
89689
List the prime factors of 1503392.
2, 11, 4271
List the prime factors of 1731043.
1193, 1451
What are the prime factors of 447413?
151, 2963
List the prime factors of 1704766.
2, 7, 263, 463
What are the prime factors of 120039?
3, 40013
List the prime factors of 765616.
2, 109, 439
What are the prime factors of 102428?
2, 29, 883
List the prime factors of 290498.
2, 13, 11173
List the prime factors of 18244435.
5, 11, 67, 4951
What are the prime factors of 126521?
19, 6659
What are the prime factors of 5333352?
2, 3, 61, 3643
List the prime factors of 1337008.
2, 83563
List the prime factors of 1083375.
3, 5, 107
What are the prime factors of 1104594?
2, 3, 47, 3917
What are the prime factors of 417954?
2, 3, 41, 1699
What are the prime factors of 293326?
2, 11, 67, 199
List the prime factors of 4384047.
3, 1461349
List the prime factors of 4493118.
2, 3, 7, 106979
What are the prime factors of 302461?
19, 15919
What are the prime factors of 109652?
2, 79, 347
What are the prime factors of 1359255?
3, 5, 90617
List the prime factors of 2398928.
2, 7, 21419
List the prime factors of 1550125.
5, 12401
What are the prime factors of 2433856?
2, 17, 2237
List the prime factors of 230156.
2, 163, 353
List the prime factors of 232554.
2, 3, 7, 113
List the prime factors of 12655310.
2, 5, 17, 29, 151
What are the prime factors of 458782?
2, 191, 1201
List the prime factors of 284345.
5, 29, 37, 53
What are the prime factors of 333781?
7, 41, 1163
What are the prime factors of 51853?
51853
What are the prime factors of 18734553?
3, 2081617
List the prime factors of 34605.
3, 5, 769
List the prime factors of 77951.
77951
List the prime factors of 12279146.
2, 11, 53, 10531
List the prime factors of 800862.
2, 3, 127, 1051
What are the prime factors of 2929030?
2, 5, 13, 22531
What are the prime factors of 3176315?
5, 635263
List the prime factors of 765001.
61, 12541
What are the prime factors of 6637509?
3, 737501
List the prime factors of 5309455.
5, 19, 55889
What are the prime factors of 179229?
3, 59743
What are the prime factors of 5794850?
2, 5, 23, 5039
List the prime factors of 804513.
3, 268171
List the prime factors of 396275.
5, 11, 131
What are the prime factors of 2036760?
2, 3, 5, 11, 1543
What are the prime factors of 22197?
3, 7, 151
List the prime factors of 265766.
2, 83, 1601
What are the prime factors of 649049?
29, 22381
What are the prime factors of 913234?
2, 7, 37, 41, 43
What are the prime factors of 2100535?
5, 61, 71, 97
List the prime factors of 9054011.
37, 244703
What are the prime factors of 39080205?
3, 5, 337, 859
List the prime factors of 15697263.
3, 73, 229, 313
What are the prime factors of 8356677?
3, 7, 383, 1039
List the prime factors of 1944291.
3, 648097
List the prime factors of 1626863.
7, 232409
What are the prime factors of 880250?
2, 5, 7, 503
List the prime factors of 3020687.
3020687
List the prime factors of 18468797.
3217, 5741
List the prime factors of 19521286.
2, 9760643
List the prime factors of 4863012.
2, 3, 7, 11, 19, 277
What are the prime factors of 2600771?
23, 73, 1549
List the prime factors of 550655.
5, 7, 15733
What are the prime factors of 171817?
19, 9043
List the prime factors of 896509.
896509
List the prime factors of 23606173.
47, 502259
What are the prime factors of 11630834?
2, 5815417
What are the prime factors of 96849?
3, 17, 211
List the prime factors of 6392.
2, 17, 47
List the prime factors of 3273273.
3, 367, 991
List the prime factors of 3808662.
2, 3, 11, 13, 23, 193
List the prime factors of 1414286.
2, 707143
List the prime factors of 22114892.
2, 17, 325219
What are the prime factors of 603537?
3, 11, 18289
List the prime factors of 32235.
3, 5, 7, 307
List the prime factors of 473723.
473723
List the prime factors of 361549.
361549
List the prime factors of 175772.
2, 43943
List the prime factors of 2063849.
1109, 1861
List the prime factors of 4585621.
4585621
List the prime factors of 48338.
2, 24169
What are the prime factors of 6512616?
2, 3, 11, 2741
What are the prime factors of 5443444?
2, 1360861
List the prime factors of 1830034.
2, 915017
List the prime factors of 1670668.
2, 41, 61, 167
List the prime factors of 15058984.
2, 521, 3613
What are the prime factors of 375711?
3, 7, 17891
What are the prime factors of 3096688?
2, 7, 43, 643
What are the prime factors of 4929349?
61, 80809
List the prime factors of 534338.
2, 7, 38167
What are the prime factors of 2551078?
2, 1275539
What are the prime factors of 816508?
2, 7, 11, 241
List the prime factors of 19853205.
3, 5, 59, 22433
What are the prime factors of 200999?
29, 239
What are the prime factors of 1766528?
2, 37, 373
What are the prime factors of 1982642?
2, 17, 58313
What are the prime factors of 505907?
505907
What are the prime factors of 256807?
71, 3617
What are the prime factors of 2132042?
2, 11, 96911
List the prime factors of 207613.
7, 19, 223
List the prime factors of 187507.
187507
What are the prime factors of 801185?
5, 7, 11, 2081
List the prime factors of 31709937.
3, 7, 1509997
What are the prime factors of 3186132?
2, 3, 265511
List the prime factors of 1582193.
23, 68791
What are the prime factors of 279995?
5, 29, 1931
List the prime factors of 17379361.
17379361
List the prime factors of 1474100.
2, 5, 14741
List the prime factors of 3129971.
13, 61, 3947
What are the prime factors of 1981345?
5, 396269
What are the prime factors of 38945620?
2, 5, 7, 149, 1867
What are the prime factors of 98725?
5, 11, 359
List the prime factors of 206594.
2, 53, 1949
What are the prime factors of 29193427?
1319, 22133
List the prime factors